{"id":5037,"date":"2016-04-12T23:07:45","date_gmt":"2016-04-12T21:07:45","guid":{"rendered":"http:\/\/observator.org.al\/sq\/?page_id=5037"},"modified":"2016-04-12T23:07:45","modified_gmt":"2016-04-12T21:07:45","slug":"refugjatet-siriane","status":"publish","type":"page","link":"https:\/\/observator.org.al\/sq\/nismat-tona\/refugjatet-siriane\/","title":{"rendered":"Refugjat\u00ebt Sirian\u00eb"},"content":{"rendered":"<div  style='padding-bottom:10px; ' class='av-special-heading av-special-heading-h3    avia-builder-el-0  el_before_av_section  avia-builder-el-no-sibling  '><h3 class='av-special-heading-tag '  itemprop=\"headline\"  >Situata e refugjat\u00ebve sirian\u00eb nga monitorimi i medias<\/h3><div class='special-heading-border'><div class='special-heading-inner-border' ><\/div><\/div><\/div>\n<\/div><\/div><\/div><!-- close content main div --><\/div><\/div><div id='av_section_1'  class='avia-section main_color avia-section-default avia-no-shadow  avia-bg-style-scroll  avia-builder-el-1  el_after_av_heading  el_before_av_heading   container_wrap fullsize' style=' '  ><div class='container' ><div class='template-page content  av-content-full alpha units'><div class='post-entry post-entry-type-page post-entry-5037'><div class='entry-content-wrapper clearfix'>\n<div class=\"flex_column av_one_third  flex_column_div av-zero-column-padding first  avia-builder-el-2  el_before_av_two_third  avia-builder-el-first  \" style='border-radius:0px; '><div  class='avia-image-container avia_animated_image avia_animate_when_almost_visible bottom-to-top av-styling-    avia-builder-el-3  avia-builder-el-no-sibling  avia-align-center '  itemprop=\"image\" itemscope=\"itemscope\" itemtype=\"https:\/\/schema.org\/ImageObject\"  ><div class='avia-image-container-inner'><div class='avia-image-overlay-wrap'><a href='http:\/\/observator.org.al\/wp-content\/uploads\/2016\/04\/Situata_e_refugjateve_siriane_ne_Shqiperi.pdf' class='avia_image'  ><img decoding=\"async\" width=\"209\" height=\"286\" class='wp-image-7989 avia-img-lazy-loading-not-7989 avia_image' src=\"https:\/\/observator.org.al\/wp-content\/uploads\/2016\/03\/syrian-refugee.jpg\" alt='' title='syrian-refugee'  itemprop=\"thumbnailUrl\"  \/><\/a><\/div><\/div><\/div><\/div><div class=\"flex_column av_two_third  flex_column_div av-zero-column-padding   avia-builder-el-4  el_after_av_one_third  avia-builder-el-last  \" style='border-radius:0px; '><section class=\"av_textblock_section \"  itemscope=\"itemscope\" itemtype=\"https:\/\/schema.org\/CreativeWork\" ><div class='avia_textblock  '   itemprop=\"text\" ><p>Q\u00eb kur situata e emigrimit t\u00eb refugjat\u00ebve sirian\u00eb \u00ebsht\u00eb n\u00eb fokus t\u00eb mediave nd\u00ebrkomb\u00ebtare dhe komb\u00ebtare, Shqip\u00ebria si t\u00eb gjitha vendet e Evrop\u00ebs ka q\u00ebn\u00eb pjes\u00eb p\u00ebr akomodimin e tyre. Sirian\u00ebt kan\u00eb ardhur n\u00eb af\u00ebrsi t\u00eb kufijve Shqiptar\u00eb dhe shteti yn\u00eb po pergatitet p\u00ebr t\u00eb p\u00ebrballuar k\u00ebt\u00eb situat\u00eb n\u00eb m\u00ebnyra t\u00eb ndryshme.<\/p>\n<p>Observatori p\u00ebr t\u00eb Drejtat e F\u00ebmij\u00ebve ka nd\u00ebrtuar kapacitet e saj q\u00eb t\u00eb jen\u00eb t\u00eb gatsh\u00ebm p\u00ebr t\u00eb trajtuar k\u00ebt\u00eb situat\u00eb. Observatori shpreh gatishm\u00ebrin\u00eb e saj p\u00ebr t&#8217;u p\u00ebrfshir\u00eb n\u00eb situat\u00ebn emergjente me stafin e saj n\u00eb 12 qarqet e Shqip\u00ebris\u00eb dhe t\u00eb p\u00ebrfshihen n\u00eb t\u00eb gjitha p\u00ebrgatitjet dhe n\u00eb trajnimet si t\u00eb urgjenc\u00ebs \/ vler\u00ebsimin e situat\u00ebs humanitare \/monitorimin e t\u00eb drejtave t\u00eb njeriut dhe t\u00eb f\u00ebmij\u00ebve \/situatat humanitare, Observatori ka b\u00ebr\u00eb nj\u00eb hetim t\u00eb situat\u00ebs s\u00eb refugjat\u00ebve Sirian\u00eb t\u00eb pasqyruara n\u00eb median e shkruar komb\u00ebtare dhe nd\u00ebrkomb\u00ebtare dhe n\u00eb mediat elektronike. N\u00eb k\u00ebt\u00eb material ju mund t\u00eb gjeni nj\u00eb pasqyr\u00eb t\u00eb situat\u00ebs s\u00eb refugjat\u00ebve sirian\u00eb n\u00eb lidhje me Shqip\u00ebrin\u00eb.<\/p>\n<\/div><\/section><\/div><\/div><\/div><\/div><!-- close content main div --><\/div><\/div><div id='after_section_1'  class='main_color av_default_container_wrap container_wrap fullsize' style=' '  ><div class='container' ><div class='template-page content  av-content-full alpha units'><div class='post-entry post-entry-type-page post-entry-5037'><div class='entry-content-wrapper clearfix'><div  style='padding-bottom:10px; ' class='av-special-heading av-special-heading-h3    avia-builder-el-6  el_after_av_section  el_before_av_section  avia-builder-el-no-sibling  '><h3 class='av-special-heading-tag '  itemprop=\"headline\"  >Faqe nyje e informacionit nga UNICEF mbi kriz\u00ebn e emigrant\u00ebve dhe refugjat\u00ebve<\/h3><div class='special-heading-border'><div class='special-heading-inner-border' ><\/div><\/div><\/div><\/p>\n<\/div><\/div><\/div><!-- close content main div --><\/div><\/div><div id='av_section_2'  class='avia-section main_color avia-section-default avia-no-shadow  avia-bg-style-scroll  avia-builder-el-7  el_after_av_heading  avia-builder-el-last   container_wrap fullsize' style=' '  ><div class='container' ><div class='template-page content  av-content-full alpha units'><div class='post-entry post-entry-type-page post-entry-5037'><div class='entry-content-wrapper clearfix'>\n<div class=\"flex_column av_one_third  flex_column_div av-zero-column-padding first  avia-builder-el-8  el_before_av_two_third  avia-builder-el-first  \" style='border-radius:0px; '><div  class='avia-image-container avia_animated_image avia_animate_when_almost_visible bottom-to-top av-styling-    avia-builder-el-9  avia-builder-el-no-sibling  avia-align-center '  itemprop=\"image\" itemscope=\"itemscope\" itemtype=\"https:\/\/schema.org\/ImageObject\"  ><div class='avia-image-container-inner'><div class='avia-image-overlay-wrap'><img decoding=\"async\" class='wp-image-7988 avia-img-lazy-loading-not-7988 avia_image' src=\"https:\/\/observator.org.al\/wp-content\/uploads\/2016\/03\/ec08aade8f32af9f98a73c82b886f5988a34a-380x221.jpg\" alt='' title='ec08aade8f32af9f98a73c82b886f5988a34a' height=\"221\" width=\"380\"  itemprop=\"thumbnailUrl\" srcset=\"https:\/\/observator.org.al\/wp-content\/uploads\/2016\/03\/ec08aade8f32af9f98a73c82b886f5988a34a-380x221.jpg 380w, https:\/\/observator.org.al\/wp-content\/uploads\/2016\/03\/ec08aade8f32af9f98a73c82b886f5988a34a-450x262.jpg 450w, https:\/\/observator.org.al\/wp-content\/uploads\/2016\/03\/ec08aade8f32af9f98a73c82b886f5988a34a.jpg 468w\" sizes=\"(max-width: 380px) 100vw, 380px\" \/><\/div><\/div><\/div><\/div><div class=\"flex_column av_two_third  flex_column_div av-zero-column-padding   avia-builder-el-10  el_after_av_one_third  avia-builder-el-last  \" style='border-radius:0px; '><section class=\"av_textblock_section \"  itemscope=\"itemscope\" itemtype=\"https:\/\/schema.org\/CreativeWork\" ><div class='avia_textblock  '   itemprop=\"text\" ><p>Observatori per te drejtat e femijeve eshte e pergatitur me rrjetin e tij te stafit dhe vullnetareve per te ofruar mbeshtetjen ndaj nje fluksi te mundshem te emigranteve. Kjo ne menyre per tu perfshire ne monitorimin e te drejtave te femijeve, vleresimit te situatave dhe vleresimit te aksioneve nderhyrese.<\/p>\n<p>Ne vijim, zyra rajonale e UNICEF per Evropen lindore ka vene ne dispozicion nje faqe web informacioni kyc, mbushur me burime dhe lajme lidhur me krizen e emigranteve. <a href=\"http:\/\/www.unicef.org\/ceecis\/resources_28329.html\" target=\"_blank\" rel=\"noopener\">Klikoni ketu<\/a> per te gjetur nje mori te dhenash rreth krizes.<\/p>\n<\/div><\/section><\/div>\n","protected":false},"excerpt":{"rendered":"","protected":false},"author":4,"featured_media":0,"parent":3330,"menu_order":0,"comment_status":"closed","ping_status":"closed","template":"","meta":{"_mc_calendar":[],"footnotes":""},"class_list":["post-5037","page","type-page","status-publish","hentry"],"_links":{"self":[{"href":"https:\/\/observator.org.al\/sq\/wp-json\/wp\/v2\/pages\/5037","targetHints":{"allow":["GET"]}}],"collection":[{"href":"https:\/\/observator.org.al\/sq\/wp-json\/wp\/v2\/pages"}],"about":[{"href":"https:\/\/observator.org.al\/sq\/wp-json\/wp\/v2\/types\/page"}],"author":[{"embeddable":true,"href":"https:\/\/observator.org.al\/sq\/wp-json\/wp\/v2\/users\/4"}],"replies":[{"embeddable":true,"href":"https:\/\/observator.org.al\/sq\/wp-json\/wp\/v2\/comments?post=5037"}],"version-history":[{"count":1,"href":"https:\/\/observator.org.al\/sq\/wp-json\/wp\/v2\/pages\/5037\/revisions"}],"predecessor-version":[{"id":5038,"href":"https:\/\/observator.org.al\/sq\/wp-json\/wp\/v2\/pages\/5037\/revisions\/5038"}],"up":[{"embeddable":true,"href":"https:\/\/observator.org.al\/sq\/wp-json\/wp\/v2\/pages\/3330"}],"wp:attachment":[{"href":"https:\/\/observator.org.al\/sq\/wp-json\/wp\/v2\/media?parent=5037"}],"curies":[{"name":"wp","href":"https:\/\/api.w.org\/{rel}","templated":true}]}}

Refugjatët Sirianë

<div  style='padding-bottom:10px; ' class='av-special-heading av-special-heading-h3    avia-builder-el-0  el_before_av_section  avia-builder-el-no-sibling  '><h3 class='av-special-heading-tag '  itemprop="headline"  >Situata e refugjatëve sirianë nga monitorimi i medias</h3><div class='special-heading-border'><div class='special-heading-inner-border' ></div></div></div>
</div></div></div><!-- close content main div --></div></div><div id='av_section_1'  class='avia-section main_color avia-section-default avia-no-shadow  avia-bg-style-scroll  avia-builder-el-1  el_after_av_heading  el_before_av_heading   container_wrap fullsize' style=' '  ><div class='container' ><div class='template-page content  av-content-full alpha units'><div class='post-entry post-entry-type-page post-entry-5037'><div class='entry-content-wrapper clearfix'>
<div class="flex_column av_one_third  flex_column_div av-zero-column-padding first  avia-builder-el-2  el_before_av_two_third  avia-builder-el-first  " style='border-radius:0px; '><div  class='avia-image-container avia_animated_image avia_animate_when_almost_visible bottom-to-top av-styling-    avia-builder-el-3  avia-builder-el-no-sibling  avia-align-center '  itemprop="image" itemscope="itemscope" itemtype="https://schema.org/ImageObject"  ><div class='avia-image-container-inner'><div class='avia-image-overlay-wrap'><a href='http://observator.org.al/wp-content/uploads/2016/04/Situata_e_refugjateve_siriane_ne_Shqiperi.pdf' class='avia_image'  ><img decoding="async" width="209" height="286" class='wp-image-7989 avia-img-lazy-loading-not-7989 avia_image' src="https://observator.org.al/wp-content/uploads/2016/03/syrian-refugee.jpg" alt='' title='syrian-refugee'  itemprop="thumbnailUrl"  /></a></div></div></div></div><div class="flex_column av_two_third  flex_column_div av-zero-column-padding   avia-builder-el-4  el_after_av_one_third  avia-builder-el-last  " style='border-radius:0px; '><section class="av_textblock_section "  itemscope="itemscope" itemtype="https://schema.org/CreativeWork" ><div class='avia_textblock  '   itemprop="text" ><p>Që kur situata e emigrimit të refugjatëve sirianë është në fokus të mediave ndërkombëtare dhe kombëtare, Shqipëria si të gjitha vendet e Evropës ka qënë pjesë për akomodimin e tyre. Sirianët kanë ardhur në afërsi të kufijve Shqiptarë dhe shteti ynë po pergatitet për të përballuar këtë situatë në mënyra të ndryshme.</p>
<p>Observatori për të Drejtat e Fëmijëve ka ndërtuar kapacitet e saj që të jenë të gatshëm për të trajtuar këtë situatë. Observatori shpreh gatishmërinë e saj për t&#8217;u përfshirë në situatën emergjente me stafin e saj në 12 qarqet e Shqipërisë dhe të përfshihen në të gjitha përgatitjet dhe në trajnimet si të urgjencës / vlerësimin e situatës humanitare /monitorimin e të drejtave të njeriut dhe të fëmijëve /situatat humanitare, Observatori ka bërë një hetim të situatës së refugjatëve Sirianë të pasqyruara në median e shkruar kombëtare dhe ndërkombëtare dhe në mediat elektronike. Në këtë material ju mund të gjeni një pasqyrë të situatës së refugjatëve sirianë në lidhje me Shqipërinë.</p>
</div></section></div></div></div></div><!-- close content main div --></div></div><div id='after_section_1'  class='main_color av_default_container_wrap container_wrap fullsize' style=' '  ><div class='container' ><div class='template-page content  av-content-full alpha units'><div class='post-entry post-entry-type-page post-entry-5037'><div class='entry-content-wrapper clearfix'><div  style='padding-bottom:10px; ' class='av-special-heading av-special-heading-h3    avia-builder-el-6  el_after_av_section  el_before_av_section  avia-builder-el-no-sibling  '><h3 class='av-special-heading-tag '  itemprop="headline"  >Faqe nyje e informacionit nga UNICEF mbi krizën e emigrantëve dhe refugjatëve</h3><div class='special-heading-border'><div class='special-heading-inner-border' ></div></div></div></p>
</div></div></div><!-- close content main div --></div></div><div id='av_section_2'  class='avia-section main_color avia-section-default avia-no-shadow  avia-bg-style-scroll  avia-builder-el-7  el_after_av_heading  avia-builder-el-last   container_wrap fullsize' style=' '  ><div class='container' ><div class='template-page content  av-content-full alpha units'><div class='post-entry post-entry-type-page post-entry-5037'><div class='entry-content-wrapper clearfix'>
<div class="flex_column av_one_third  flex_column_div av-zero-column-padding first  avia-builder-el-8  el_before_av_two_third  avia-builder-el-first  " style='border-radius:0px; '><div  class='avia-image-container avia_animated_image avia_animate_when_almost_visible bottom-to-top av-styling-    avia-builder-el-9  avia-builder-el-no-sibling  avia-align-center '  itemprop="image" itemscope="itemscope" itemtype="https://schema.org/ImageObject"  ><div class='avia-image-container-inner'><div class='avia-image-overlay-wrap'><img decoding="async" class='wp-image-7988 avia-img-lazy-loading-not-7988 avia_image' src="https://observator.org.al/wp-content/uploads/2016/03/ec08aade8f32af9f98a73c82b886f5988a34a-380x221.jpg" alt='' title='ec08aade8f32af9f98a73c82b886f5988a34a' height="221" width="380"  itemprop="thumbnailUrl" srcset="https://observator.org.al/wp-content/uploads/2016/03/ec08aade8f32af9f98a73c82b886f5988a34a-380x221.jpg 380w, https://observator.org.al/wp-content/uploads/2016/03/ec08aade8f32af9f98a73c82b886f5988a34a-450x262.jpg 450w, https://observator.org.al/wp-content/uploads/2016/03/ec08aade8f32af9f98a73c82b886f5988a34a.jpg 468w" sizes="(max-width: 380px) 100vw, 380px" /></div></div></div></div><div class="flex_column av_two_third  flex_column_div av-zero-column-padding   avia-builder-el-10  el_after_av_one_third  avia-builder-el-last  " style='border-radius:0px; '><section class="av_textblock_section "  itemscope="itemscope" itemtype="https://schema.org/CreativeWork" ><div class='avia_textblock  '   itemprop="text" ><p>Observatori per te drejtat e femijeve eshte e pergatitur me rrjetin e tij te stafit dhe vullnetareve per te ofruar mbeshtetjen ndaj nje fluksi te mundshem te emigranteve. Kjo ne menyre per tu perfshire ne monitorimin e te drejtave te femijeve, vleresimit te situatave dhe vleresimit te aksioneve nderhyrese.</p>
<p>Ne vijim, zyra rajonale e UNICEF per Evropen lindore ka vene ne dispozicion nje faqe web informacioni kyc, mbushur me burime dhe lajme lidhur me krizen e emigranteve. <a href="http://www.unicef.org/ceecis/resources_28329.html" target="_blank" rel="noopener">Klikoni ketu</a> per te gjetur nje mori te dhenash rreth krizes.</p>
</div></section></div>
