{"id":2548,"date":"2013-09-15T16:24:02","date_gmt":"2013-09-15T14:24:02","guid":{"rendered":"http:\/\/observator.org.al\/?page_id=2548"},"modified":"2014-01-21T22:22:41","modified_gmt":"2014-01-21T21:22:41","slug":"tirane","status":"publish","type":"page","link":"https:\/\/observator.org.al\/sq\/observatoret\/tirane\/","title":{"rendered":"Tiran\u00eb"},"content":{"rendered":"<div class=\"flex_column av_one_full  flex_column_div first  avia-builder-el-0  avia-builder-el-no-sibling  \" ><p><section class=\"av_textblock_section \"  itemscope=\"itemscope\" itemtype=\"https:\/\/schema.org\/CreativeWork\" ><div class='avia_textblock  '   itemprop=\"text\" ><div class=\"tpg-get-posts\" ><div class=\"tpg-get-posts-post\" ><div class=\"tpg-title-class\"><h2><a href=\"https:\/\/observator.org.al\/sq\/ekspert-per-permiresimin-e-programeve-edukative-mbi-monitorimin-dhe-vleresimin-e-programeve-dhe-politikave\/\" >Ekspert p\u00ebr p\u00ebrmiresimin e programeve edukative mbi monitorimin dhe vler\u00ebsimin e programeve dhe politikave<\/a><\/h2><\/div><div  class=\"tpg-byline-class\">By Observatori i te drejtave te femijeve  on 20 Janar, 2023<\/div><div class=\"tpg-content-class\"><a href=\"https:\/\/observator.org.al\/sq\/ekspert-per-permiresimin-e-programeve-edukative-mbi-monitorimin-dhe-vleresimin-e-programeve-dhe-politikave\/\"><\/p>\n<div class=\"tpg-thumbnail-class\"><\/div>\n<p><\/a><\/p>\n<p style=\"text-align: right;\"><strong>Tiran\u00eb, m\u00eb 20 Janar 2023<\/strong><\/p>\n<p><strong>\u00a0<\/strong><\/p>\n<p><strong>Thirrje p\u00ebr shprehje interesi- Ekspert p\u00ebr t\u00eb prmir\u00ebsimin e kurikul\u00ebs mbi monitorimin dhe vler\u00ebsimin<\/strong><\/p>\n<p><strong>\u00a0<\/strong><\/p>\n<p><strong>\u201cObservatori p\u00ebr t\u00eb Drejtat e F\u00ebmij\u00ebve dhe t\u00eb Rinjve\u201d,\u00a0<\/strong>n\u00eb kuad\u00ebr t\u00eb &#8230; <a href=\"https:\/\/observator.org.al\/sq\/ekspert-per-permiresimin-e-programeve-edukative-mbi-monitorimin-dhe-vleresimin-e-programeve-dhe-politikave\/\" class=\"more-link\">Lexoni m\u00eb shum\u00eb<\/a><\/div>\n<div class=\"tpg-metadata-class\"><span>Komentet <span class=\"screen-reader-text\"> te Ekspert p\u00ebr p\u00ebrmiresimin e programeve edukative mbi monitorimin dhe vler\u00ebsimin e programeve dhe politikave<\/span> Jan\u00eb t\u00eb Mbyllura<\/span>&nbsp;&nbsp;|&nbsp;&nbsp;Filed under: <a href=\"https:\/\/observator.org.al\/sq\/category\/lajme\/\" title=\"View all posts in Lajme\">Lajme<\/a>, <a href=\"https:\/\/observator.org.al\/sq\/category\/tepergjithshme\/\" title=\"View all posts in Te pergjithshme\">Te pergjithshme<\/a>, <a href=\"https:\/\/observator.org.al\/sq\/category\/tirana\/\" title=\"View all posts in Tiran\u00eb\">Tiran\u00eb<\/a>&nbsp;&nbsp;|&nbsp;&nbsp;<b>Tags:<\/b> No Tag<\/div><\/div><div class=\"tpg-get-posts-post\" ><div class=\"tpg-title-class\"><h2><a href=\"https:\/\/observator.org.al\/sq\/thirrje-per-shprehje-interesi-ekspert-per-permiresimin-e-kurikules-mbi-monitorimin-dhe-vleresimin\/\" >THIRRJE P\u00cbR SHPREHJE INTERESI-EKSPERT P\u00cbR P\u00cbRMIR\u00cbSIMIN E KURIKUL\u00cbS MBI MONITORIMIN DHE VLER\u00cbSIMIN<\/a><\/h2><\/div><div  class=\"tpg-byline-class\">By Observatori i te drejtave te femijeve  on 9 Janar, 2023<\/div><div class=\"tpg-content-class\"><a href=\"https:\/\/observator.org.al\/sq\/thirrje-per-shprehje-interesi-ekspert-per-permiresimin-e-kurikules-mbi-monitorimin-dhe-vleresimin\/\"><\/p>\n<div class=\"tpg-thumbnail-class\"><\/div>\n<p><\/a><\/p>\n<p style=\"text-align: right;\"><strong>Tiran\u00eb, m\u00eb 9 Janar 2023<\/strong><\/p>\n<p><strong>\u00a0<\/strong><\/p>\n<p style=\"text-align: center;\"><strong>Thirrje p\u00ebr shprehje interesi- Ekspert p\u00ebr t\u00eb prmir\u00ebsimin e kurikul\u00ebs mbi monitorimin dhe vler\u00ebsimin<\/strong><\/p>\n<p><strong>\u00a0<\/strong><\/p>\n<p><strong>\u201cObservatori p\u00ebr t\u00eb Drejtat e F\u00ebmij\u00ebve dhe t\u00eb &#8230; <a href=\"https:\/\/observator.org.al\/sq\/thirrje-per-shprehje-interesi-ekspert-per-permiresimin-e-kurikules-mbi-monitorimin-dhe-vleresimin\/\" class=\"more-link\">Lexoni m\u00eb shum\u00eb<\/a><\/strong><\/div>\n<div class=\"tpg-metadata-class\"><span>Komentet <span class=\"screen-reader-text\"> te THIRRJE P\u00cbR SHPREHJE INTERESI-EKSPERT P\u00cbR P\u00cbRMIR\u00cbSIMIN E KURIKUL\u00cbS MBI MONITORIMIN DHE VLER\u00cbSIMIN<\/span> Jan\u00eb t\u00eb Mbyllura<\/span>&nbsp;&nbsp;|&nbsp;&nbsp;Filed under: <a href=\"https:\/\/observator.org.al\/sq\/category\/lajme\/\" title=\"View all posts in Lajme\">Lajme<\/a>, <a href=\"https:\/\/observator.org.al\/sq\/category\/tepergjithshme\/\" title=\"View all posts in Te pergjithshme\">Te pergjithshme<\/a>, <a href=\"https:\/\/observator.org.al\/sq\/category\/tirana\/\" title=\"View all posts in Tiran\u00eb\">Tiran\u00eb<\/a>&nbsp;&nbsp;|&nbsp;&nbsp;<b>Tags:<\/b> No Tag<\/div><\/div><div class=\"tpg-get-posts-post\" ><div class=\"tpg-title-class\"><h2><a href=\"https:\/\/observator.org.al\/sq\/kerkese-per-oferte-2\/\" >K\u00ebrkes\u00eb P\u00ebr Ofert\u00eb<\/a><\/h2><\/div><div  class=\"tpg-byline-class\">By Observatori i te drejtave te femijeve  on 2 Dhjetor, 2022<\/div><div class=\"tpg-content-class\"><a href=\"https:\/\/observator.org.al\/sq\/kerkese-per-oferte-2\/\"><\/p>\n<div class=\"tpg-thumbnail-class\"><\/div>\n<p><\/a><\/p>\n<p style=\"text-align: right;\"><strong>Tiran\u00eb, m\u00eb 02 Dhjetor 2022<\/strong><\/p>\n<p><strong>\u201cObservatori p\u00ebr t\u00eb Drejtat e F\u00ebmij\u00ebve dhe t\u00eb Rinjve\u201d <\/strong>\u00ebsht\u00eb e interesuar q\u00eb t\u00eb pun\u00ebsoj <strong>Subjekt per Organizimin e Eventeve<\/strong> p\u00ebr zbatimin e Projektit me donator <strong>UNICEF Monitoring and Reporting on children rights for &#8230; <a href=\"https:\/\/observator.org.al\/sq\/kerkese-per-oferte-2\/\" class=\"more-link\">Lexoni m\u00eb shum\u00eb<\/a><\/strong><\/div>\n<div class=\"tpg-metadata-class\"><span>Komentet <span class=\"screen-reader-text\"> te K\u00ebrkes\u00eb P\u00ebr Ofert\u00eb<\/span> Jan\u00eb t\u00eb Mbyllura<\/span>&nbsp;&nbsp;|&nbsp;&nbsp;Filed under: <a href=\"https:\/\/observator.org.al\/sq\/category\/durresi\/\" title=\"View all posts in Durr\u00ebs\">Durr\u00ebs<\/a>, <a href=\"https:\/\/observator.org.al\/sq\/category\/lajme\/\" title=\"View all posts in Lajme\">Lajme<\/a>, <a href=\"https:\/\/observator.org.al\/sq\/category\/tepergjithshme\/\" title=\"View all posts in Te pergjithshme\">Te pergjithshme<\/a>, <a href=\"https:\/\/observator.org.al\/sq\/category\/tirana\/\" title=\"View all posts in Tiran\u00eb\">Tiran\u00eb<\/a>&nbsp;&nbsp;|&nbsp;&nbsp;<b>Tags:<\/b> No Tag<\/div><\/div><div class=\"tpg-get-posts-post\" ><div class=\"tpg-title-class\"><h2><a href=\"https:\/\/observator.org.al\/sq\/kerkese-per-oferte\/\" >K\u00cbRKES\u00cb P\u00cbR OFERT\u00cb<\/a><\/h2><\/div><div  class=\"tpg-byline-class\">By Observatori i te drejtave te femijeve  on 1 Dhjetor, 2022<\/div><div class=\"tpg-content-class\"><a href=\"https:\/\/observator.org.al\/sq\/kerkese-per-oferte\/\"><\/p>\n<div class=\"tpg-thumbnail-class\"><\/div>\n<p><\/a><strong>Tiran\u00eb, m\u00eb 01 Dhjetor 2022<\/strong><\/p>\n<p><strong>\u201cObservatori p\u00ebr t\u00eb Drejtat e F\u00ebmij\u00ebve dhe t\u00eb Rinjve\u201d <\/strong>\u00ebsht\u00eb e interesuar q\u00eb t\u00eb pun\u00ebsoj <strong>Subjekt per Organizimin e Eventeve<\/strong> p\u00ebr zbatimin e Projektit me donator <strong>UNICEF \u201c <\/strong><strong>I am Young and my voice matter<\/strong><strong>\u201d &#8230; <a href=\"https:\/\/observator.org.al\/sq\/kerkese-per-oferte\/\" class=\"more-link\">Lexoni m\u00eb shum\u00eb<\/a><\/strong><\/div>\n<div class=\"tpg-metadata-class\"><span>Komentet <span class=\"screen-reader-text\"> te K\u00cbRKES\u00cb P\u00cbR OFERT\u00cb<\/span> Jan\u00eb t\u00eb Mbyllura<\/span>&nbsp;&nbsp;|&nbsp;&nbsp;Filed under: <a href=\"https:\/\/observator.org.al\/sq\/category\/lajme\/\" title=\"View all posts in Lajme\">Lajme<\/a>, <a href=\"https:\/\/observator.org.al\/sq\/category\/tepergjithshme\/\" title=\"View all posts in Te pergjithshme\">Te pergjithshme<\/a>, <a href=\"https:\/\/observator.org.al\/sq\/category\/tirana\/\" title=\"View all posts in Tiran\u00eb\">Tiran\u00eb<\/a>&nbsp;&nbsp;|&nbsp;&nbsp;<b>Tags:<\/b> No Tag<\/div><\/div><div class=\"tpg-get-posts-post\" ><div class=\"tpg-title-class\"><h2><a href=\"https:\/\/observator.org.al\/sq\/thirrje-per-shprehje-interesi-eksperte-per-te-analizuar-dhe-interpretuar-treguesit-e-privimit-te-femijeve\/\" >THIRRJE P\u00cbR SHPREHJE INTERESI-EKSPERT\u00cb P\u00cbR T\u00cb ANALIZUAR DHE INTERPRETUAR TREGUESIT E PRIVIMIT T\u00cb F\u00cbMIJ\u00cbVE<\/a><\/h2><\/div><div  class=\"tpg-byline-class\">By Observatori i te drejtave te femijeve  on 16 N\u00ebntor, 2022<\/div><div class=\"tpg-content-class\"><a href=\"https:\/\/observator.org.al\/sq\/thirrje-per-shprehje-interesi-eksperte-per-te-analizuar-dhe-interpretuar-treguesit-e-privimit-te-femijeve\/\"><\/p>\n<div class=\"tpg-thumbnail-class\"><\/div>\n<p><\/a><\/p>\n<p style=\"text-align: right;\"><strong>Tiran\u00eb, m\u00eb 16 N\u00ebntor 2022<\/strong><\/p>\n<p><strong>\u00a0<\/strong><\/p>\n<p style=\"text-align: center;\"><strong>Thirrje p\u00ebr shprehje interesi- Ekspert\u00eb p\u00ebr t\u00eb analizuar dhe interpretuar treguesit e privimit t\u00eb f\u00ebmij\u00ebve<\/strong><\/p>\n<p><strong>\u00a0<\/strong><\/p>\n<p><strong>\u201cObservatori p\u00ebr t\u00eb Drejtat e F\u00ebmij\u00ebve dhe &#8230; <a href=\"https:\/\/observator.org.al\/sq\/thirrje-per-shprehje-interesi-eksperte-per-te-analizuar-dhe-interpretuar-treguesit-e-privimit-te-femijeve\/\" class=\"more-link\">Lexoni m\u00eb shum\u00eb<\/a><\/strong><\/div>\n<div class=\"tpg-metadata-class\"><span>Komentet <span class=\"screen-reader-text\"> te THIRRJE P\u00cbR SHPREHJE INTERESI-EKSPERT\u00cb P\u00cbR T\u00cb ANALIZUAR DHE INTERPRETUAR TREGUESIT E PRIVIMIT T\u00cb F\u00cbMIJ\u00cbVE<\/span> Jan\u00eb t\u00eb Mbyllura<\/span>&nbsp;&nbsp;|&nbsp;&nbsp;Filed under: <a href=\"https:\/\/observator.org.al\/sq\/category\/lajme\/\" title=\"View all posts in Lajme\">Lajme<\/a>, <a href=\"https:\/\/observator.org.al\/sq\/category\/tepergjithshme\/\" title=\"View all posts in Te pergjithshme\">Te pergjithshme<\/a>, <a href=\"https:\/\/observator.org.al\/sq\/category\/tirana\/\" title=\"View all posts in Tiran\u00eb\">Tiran\u00eb<\/a>&nbsp;&nbsp;|&nbsp;&nbsp;<b>Tags:<\/b> No Tag<\/div><\/div><\/div><!-- #tpg-get-posts -->\n<\/div><\/section><br \/>\n<div   class='hr hr-default   avia-builder-el-2  el_after_av_textblock  el_before_av_heading '><span class='hr-inner ' ><span class='hr-inner-style'><\/span><\/span><\/div><br \/>\n<div  style='padding-bottom:10px; ' class='av-special-heading av-special-heading-h3    avia-builder-el-3  el_after_av_hr  el_before_av_textblock  '><h3 class='av-special-heading-tag '  itemprop=\"headline\"  >Flet\u00ebpalosje p\u00ebr qarkun Tiran\u00eb<\/h3><div class='special-heading-border'><div class='special-heading-inner-border' ><\/div><\/div><\/div><br \/>\n<section class=\"av_textblock_section \"  itemscope=\"itemscope\" itemtype=\"https:\/\/schema.org\/CreativeWork\" ><div class='avia_textblock  '   itemprop=\"text\" ><p>[book id=&#8217;13&#8217; \/]<\/p>\n<\/div><\/section><\/p><\/div>\n","protected":false},"excerpt":{"rendered":"","protected":false},"author":2,"featured_media":0,"parent":2554,"menu_order":0,"comment_status":"closed","ping_status":"closed","template":"","meta":{"_mc_calendar":[],"footnotes":""},"class_list":["post-2548","page","type-page","status-publish","hentry"],"_links":{"self":[{"href":"https:\/\/observator.org.al\/sq\/wp-json\/wp\/v2\/pages\/2548","targetHints":{"allow":["GET"]}}],"collection":[{"href":"https:\/\/observator.org.al\/sq\/wp-json\/wp\/v2\/pages"}],"about":[{"href":"https:\/\/observator.org.al\/sq\/wp-json\/wp\/v2\/types\/page"}],"author":[{"embeddable":true,"href":"https:\/\/observator.org.al\/sq\/wp-json\/wp\/v2\/users\/2"}],"replies":[{"embeddable":true,"href":"https:\/\/observator.org.al\/sq\/wp-json\/wp\/v2\/comments?post=2548"}],"version-history":[{"count":5,"href":"https:\/\/observator.org.al\/sq\/wp-json\/wp\/v2\/pages\/2548\/revisions"}],"predecessor-version":[{"id":3252,"href":"https:\/\/observator.org.al\/sq\/wp-json\/wp\/v2\/pages\/2548\/revisions\/3252"}],"up":[{"embeddable":true,"href":"https:\/\/observator.org.al\/sq\/wp-json\/wp\/v2\/pages\/2554"}],"wp:attachment":[{"href":"https:\/\/observator.org.al\/sq\/wp-json\/wp\/v2\/media?parent=2548"}],"curies":[{"name":"wp","href":"https:\/\/api.w.org\/{rel}","templated":true}]}}

Tiranë

<div class="flex_column av_one_full  flex_column_div first  avia-builder-el-0  avia-builder-el-no-sibling  " ><p><section class="av_textblock_section "  itemscope="itemscope" itemtype="https://schema.org/CreativeWork" ><div class='avia_textblock  '   itemprop="text" ><div class="tpg-get-posts" ><div class="tpg-get-posts-post" ><div class="tpg-title-class"><h2><a href="https://observator.org.al/sq/ekspert-per-permiresimin-e-programeve-edukative-mbi-monitorimin-dhe-vleresimin-e-programeve-dhe-politikave/" >Ekspert për përmiresimin e programeve edukative mbi monitorimin dhe vlerësimin e programeve dhe politikave</a></h2></div><div  class="tpg-byline-class">By Observatori i te drejtave te femijeve  on 20 Janar, 2023</div><div class="tpg-content-class"><a href="https://observator.org.al/sq/ekspert-per-permiresimin-e-programeve-edukative-mbi-monitorimin-dhe-vleresimin-e-programeve-dhe-politikave/"></p>
<div class="tpg-thumbnail-class"></div>
<p></a></p>
<p style="text-align: right;"><strong>Tiranë, më 20 Janar 2023</strong></p>
<p><strong> </strong></p>
<p><strong>Thirrje për shprehje interesi- Ekspert për të prmirësimin e kurikulës mbi monitorimin dhe vlerësimin</strong></p>
<p><strong> </strong></p>
<p><strong>“Observatori për të Drejtat e Fëmijëve dhe të Rinjve”, </strong>në kuadër të &#8230; <a href="https://observator.org.al/sq/ekspert-per-permiresimin-e-programeve-edukative-mbi-monitorimin-dhe-vleresimin-e-programeve-dhe-politikave/" class="more-link">Lexoni më shumë</a></div>
<div class="tpg-metadata-class"><span>Komentet <span class="screen-reader-text"> te Ekspert për përmiresimin e programeve edukative mbi monitorimin dhe vlerësimin e programeve dhe politikave</span> Janë të Mbyllura</span>&nbsp;&nbsp;|&nbsp;&nbsp;Filed under: <a href="https://observator.org.al/sq/category/lajme/" title="View all posts in Lajme">Lajme</a>, <a href="https://observator.org.al/sq/category/tepergjithshme/" title="View all posts in Te pergjithshme">Te pergjithshme</a>, <a href="https://observator.org.al/sq/category/tirana/" title="View all posts in Tiranë">Tiranë</a>&nbsp;&nbsp;|&nbsp;&nbsp;<b>Tags:</b> No Tag</div></div><div class="tpg-get-posts-post" ><div class="tpg-title-class"><h2><a href="https://observator.org.al/sq/thirrje-per-shprehje-interesi-ekspert-per-permiresimin-e-kurikules-mbi-monitorimin-dhe-vleresimin/" >THIRRJE PËR SHPREHJE INTERESI-EKSPERT PËR PËRMIRËSIMIN E KURIKULËS MBI MONITORIMIN DHE VLERËSIMIN</a></h2></div><div  class="tpg-byline-class">By Observatori i te drejtave te femijeve  on 9 Janar, 2023</div><div class="tpg-content-class"><a href="https://observator.org.al/sq/thirrje-per-shprehje-interesi-ekspert-per-permiresimin-e-kurikules-mbi-monitorimin-dhe-vleresimin/"></p>
<div class="tpg-thumbnail-class"></div>
<p></a></p>
<p style="text-align: right;"><strong>Tiranë, më 9 Janar 2023</strong></p>
<p><strong> </strong></p>
<p style="text-align: center;"><strong>Thirrje për shprehje interesi- Ekspert për të prmirësimin e kurikulës mbi monitorimin dhe vlerësimin</strong></p>
<p><strong> </strong></p>
<p><strong>“Observatori për të Drejtat e Fëmijëve dhe të &#8230; <a href="https://observator.org.al/sq/thirrje-per-shprehje-interesi-ekspert-per-permiresimin-e-kurikules-mbi-monitorimin-dhe-vleresimin/" class="more-link">Lexoni më shumë</a></strong></div>
<div class="tpg-metadata-class"><span>Komentet <span class="screen-reader-text"> te THIRRJE PËR SHPREHJE INTERESI-EKSPERT PËR PËRMIRËSIMIN E KURIKULËS MBI MONITORIMIN DHE VLERËSIMIN</span> Janë të Mbyllura</span>&nbsp;&nbsp;|&nbsp;&nbsp;Filed under: <a href="https://observator.org.al/sq/category/lajme/" title="View all posts in Lajme">Lajme</a>, <a href="https://observator.org.al/sq/category/tepergjithshme/" title="View all posts in Te pergjithshme">Te pergjithshme</a>, <a href="https://observator.org.al/sq/category/tirana/" title="View all posts in Tiranë">Tiranë</a>&nbsp;&nbsp;|&nbsp;&nbsp;<b>Tags:</b> No Tag</div></div><div class="tpg-get-posts-post" ><div class="tpg-title-class"><h2><a href="https://observator.org.al/sq/kerkese-per-oferte-2/" >Kërkesë Për Ofertë</a></h2></div><div  class="tpg-byline-class">By Observatori i te drejtave te femijeve  on 2 Dhjetor, 2022</div><div class="tpg-content-class"><a href="https://observator.org.al/sq/kerkese-per-oferte-2/"></p>
<div class="tpg-thumbnail-class"></div>
<p></a></p>
<p style="text-align: right;"><strong>Tiranë, më 02 Dhjetor 2022</strong></p>
<p><strong>“Observatori për të Drejtat e Fëmijëve dhe të Rinjve” </strong>është e interesuar që të punësoj <strong>Subjekt per Organizimin e Eventeve</strong> për zbatimin e Projektit me donator <strong>UNICEF Monitoring and Reporting on children rights for &#8230; <a href="https://observator.org.al/sq/kerkese-per-oferte-2/" class="more-link">Lexoni më shumë</a></strong></div>
<div class="tpg-metadata-class"><span>Komentet <span class="screen-reader-text"> te Kërkesë Për Ofertë</span> Janë të Mbyllura</span>&nbsp;&nbsp;|&nbsp;&nbsp;Filed under: <a href="https://observator.org.al/sq/category/durresi/" title="View all posts in Durrës">Durrës</a>, <a href="https://observator.org.al/sq/category/lajme/" title="View all posts in Lajme">Lajme</a>, <a href="https://observator.org.al/sq/category/tepergjithshme/" title="View all posts in Te pergjithshme">Te pergjithshme</a>, <a href="https://observator.org.al/sq/category/tirana/" title="View all posts in Tiranë">Tiranë</a>&nbsp;&nbsp;|&nbsp;&nbsp;<b>Tags:</b> No Tag</div></div><div class="tpg-get-posts-post" ><div class="tpg-title-class"><h2><a href="https://observator.org.al/sq/kerkese-per-oferte/" >KËRKESË PËR OFERTË</a></h2></div><div  class="tpg-byline-class">By Observatori i te drejtave te femijeve  on 1 Dhjetor, 2022</div><div class="tpg-content-class"><a href="https://observator.org.al/sq/kerkese-per-oferte/"></p>
<div class="tpg-thumbnail-class"></div>
<p></a><strong>Tiranë, më 01 Dhjetor 2022</strong></p>
<p><strong>“Observatori për të Drejtat e Fëmijëve dhe të Rinjve” </strong>është e interesuar që të punësoj <strong>Subjekt per Organizimin e Eventeve</strong> për zbatimin e Projektit me donator <strong>UNICEF “ </strong><strong>I am Young and my voice matter</strong><strong>” &#8230; <a href="https://observator.org.al/sq/kerkese-per-oferte/" class="more-link">Lexoni më shumë</a></strong></div>
<div class="tpg-metadata-class"><span>Komentet <span class="screen-reader-text"> te KËRKESË PËR OFERTË</span> Janë të Mbyllura</span>&nbsp;&nbsp;|&nbsp;&nbsp;Filed under: <a href="https://observator.org.al/sq/category/lajme/" title="View all posts in Lajme">Lajme</a>, <a href="https://observator.org.al/sq/category/tepergjithshme/" title="View all posts in Te pergjithshme">Te pergjithshme</a>, <a href="https://observator.org.al/sq/category/tirana/" title="View all posts in Tiranë">Tiranë</a>&nbsp;&nbsp;|&nbsp;&nbsp;<b>Tags:</b> No Tag</div></div><div class="tpg-get-posts-post" ><div class="tpg-title-class"><h2><a href="https://observator.org.al/sq/thirrje-per-shprehje-interesi-eksperte-per-te-analizuar-dhe-interpretuar-treguesit-e-privimit-te-femijeve/" >THIRRJE PËR SHPREHJE INTERESI-EKSPERTË PËR TË ANALIZUAR DHE INTERPRETUAR TREGUESIT E PRIVIMIT TË FËMIJËVE</a></h2></div><div  class="tpg-byline-class">By Observatori i te drejtave te femijeve  on 16 Nëntor, 2022</div><div class="tpg-content-class"><a href="https://observator.org.al/sq/thirrje-per-shprehje-interesi-eksperte-per-te-analizuar-dhe-interpretuar-treguesit-e-privimit-te-femijeve/"></p>
<div class="tpg-thumbnail-class"></div>
<p></a></p>
<p style="text-align: right;"><strong>Tiranë, më 16 Nëntor 2022</strong></p>
<p><strong> </strong></p>
<p style="text-align: center;"><strong>Thirrje për shprehje interesi- Ekspertë për të analizuar dhe interpretuar treguesit e privimit të fëmijëve</strong></p>
<p><strong> </strong></p>
<p><strong>“Observatori për të Drejtat e Fëmijëve dhe &#8230; <a href="https://observator.org.al/sq/thirrje-per-shprehje-interesi-eksperte-per-te-analizuar-dhe-interpretuar-treguesit-e-privimit-te-femijeve/" class="more-link">Lexoni më shumë</a></strong></div>
<div class="tpg-metadata-class"><span>Komentet <span class="screen-reader-text"> te THIRRJE PËR SHPREHJE INTERESI-EKSPERTË PËR TË ANALIZUAR DHE INTERPRETUAR TREGUESIT E PRIVIMIT TË FËMIJËVE</span> Janë të Mbyllura</span>&nbsp;&nbsp;|&nbsp;&nbsp;Filed under: <a href="https://observator.org.al/sq/category/lajme/" title="View all posts in Lajme">Lajme</a>, <a href="https://observator.org.al/sq/category/tepergjithshme/" title="View all posts in Te pergjithshme">Te pergjithshme</a>, <a href="https://observator.org.al/sq/category/tirana/" title="View all posts in Tiranë">Tiranë</a>&nbsp;&nbsp;|&nbsp;&nbsp;<b>Tags:</b> No Tag</div></div></div><!-- #tpg-get-posts -->
</div></section><br />
<div   class='hr hr-default   avia-builder-el-2  el_after_av_textblock  el_before_av_heading '><span class='hr-inner ' ><span class='hr-inner-style'></span></span></div><br />
<div  style='padding-bottom:10px; ' class='av-special-heading av-special-heading-h3    avia-builder-el-3  el_after_av_hr  el_before_av_textblock  '><h3 class='av-special-heading-tag '  itemprop="headline"  >Fletëpalosje për qarkun Tiranë</h3><div class='special-heading-border'><div class='special-heading-inner-border' ></div></div></div><br />
<section class="av_textblock_section "  itemscope="itemscope" itemtype="https://schema.org/CreativeWork" ><div class='avia_textblock  '   itemprop="text" ><p>[book id=&#8217;13&#8217; /]</p>
</div></section></p></div>
