{"id":2523,"date":"2013-09-15T16:11:54","date_gmt":"2013-09-15T14:11:54","guid":{"rendered":"http:\/\/observator.org.al\/?page_id=2523"},"modified":"2015-12-13T19:53:35","modified_gmt":"2015-12-13T18:53:35","slug":"fier","status":"publish","type":"page","link":"https:\/\/observator.org.al\/sq\/observatoret\/fier\/","title":{"rendered":"Fier"},"content":{"rendered":"<div class=\"flex_column av_one_full  flex_column_div first  avia-builder-el-0  avia-builder-el-no-sibling  \" ><p><section class=\"av_textblock_section \"  itemscope=\"itemscope\" itemtype=\"https:\/\/schema.org\/CreativeWork\" ><div class='avia_textblock  '   itemprop=\"text\" ><div class=\"tpg-get-posts\" ><div class=\"tpg-get-posts-post\" ><div class=\"tpg-title-class\"><h2><a href=\"https:\/\/observator.org.al\/sq\/analiza-e-buxhetimit-per-rinine-nga-bashkia-fier\/\" >Analiza e buxhetimit p\u00ebr rinin\u00eb nga Bashkia Fier<\/a><\/h2><\/div><div  class=\"tpg-byline-class\">By Observatori i te drejtave te femijeve  on 19 N\u00ebntor, 2018<\/div><div class=\"tpg-content-class\"><a href=\"https:\/\/observator.org.al\/sq\/analiza-e-buxhetimit-per-rinine-nga-bashkia-fier\/\"><\/p>\n<div class=\"tpg-thumbnail-class\"><\/div>\n<p><\/a> &#8230; <a href=\"https:\/\/observator.org.al\/sq\/analiza-e-buxhetimit-per-rinine-nga-bashkia-fier\/\" class=\"more-link\">Lexoni m\u00eb shum\u00eb<\/a><\/div>\n<div class=\"tpg-metadata-class\"><span>Komentet <span class=\"screen-reader-text\"> te Analiza e buxhetimit p\u00ebr rinin\u00eb nga Bashkia Fier<\/span> Jan\u00eb t\u00eb Mbyllura<\/span>&nbsp;&nbsp;|&nbsp;&nbsp;Filed under: <a href=\"https:\/\/observator.org.al\/sq\/category\/fieri\/\" title=\"View all posts in Fier\">Fier<\/a>, <a href=\"https:\/\/observator.org.al\/sq\/category\/tepergjithshme\/\" title=\"View all posts in Te pergjithshme\">Te pergjithshme<\/a>&nbsp;&nbsp;|&nbsp;&nbsp;<b>Tags:<\/b> No Tag<\/div><\/div><div class=\"tpg-get-posts-post\" ><div class=\"tpg-title-class\"><h2><a href=\"https:\/\/observator.org.al\/sq\/fact-sheet-nga-anketimi-me-te-rinjte-e-fierit\/\" >Fact Sheet nga anketimi me t\u00eb rinjt\u00eb e Fierit<\/a><\/h2><\/div><div  class=\"tpg-byline-class\">By Observatori i te drejtave te femijeve  on 19 Gusht, 2018<\/div><div class=\"tpg-content-class\"><a href=\"https:\/\/observator.org.al\/sq\/fact-sheet-nga-anketimi-me-te-rinjte-e-fierit\/\"><\/p>\n<div class=\"tpg-thumbnail-class\"><\/div>\n<p><\/a> &#8230; <a href=\"https:\/\/observator.org.al\/sq\/fact-sheet-nga-anketimi-me-te-rinjte-e-fierit\/\" class=\"more-link\">Lexoni m\u00eb shum\u00eb<\/a><\/div>\n<div class=\"tpg-metadata-class\"><span>Komentet <span class=\"screen-reader-text\"> te Fact Sheet nga anketimi me t\u00eb rinjt\u00eb e Fierit<\/span> Jan\u00eb t\u00eb Mbyllura<\/span>&nbsp;&nbsp;|&nbsp;&nbsp;Filed under: <a href=\"https:\/\/observator.org.al\/sq\/category\/fieri\/\" title=\"View all posts in Fier\">Fier<\/a>, <a href=\"https:\/\/observator.org.al\/sq\/category\/tepergjithshme\/\" title=\"View all posts in Te pergjithshme\">Te pergjithshme<\/a>&nbsp;&nbsp;|&nbsp;&nbsp;<b>Tags:<\/b> No Tag<\/div><\/div><div class=\"tpg-get-posts-post\" ><div class=\"tpg-title-class\"><h2><a href=\"https:\/\/observator.org.al\/sq\/raport-2-aspektet-ligjore-sociale-dhe-praktiken-gjyqesore-te-martesave-nen-moshe-ne-shkoder-kukes-tropoje-lezhe-puke-fier-dhe-kavaje-per-periudhen-2011-2017-2\/\" >Raport 2 \u201cAspektet ligjore, sociale dhe praktik\u00ebn gjyq\u00ebsore t\u00eb martesave n\u00ebn mosh\u00eb n\u00eb Shkod\u00ebr, Kuk\u00ebs, Tropoj\u00eb, Lezh\u00eb, Puk\u00eb, Fier dhe Kavaj\u00eb p\u00ebr periudh\u00ebn 2011 \u2013 2017\u201d:<\/a><\/h2><\/div><div  class=\"tpg-byline-class\">By Observatori i te drejtave te femijeve  on 19 Korrik, 2018<\/div><div class=\"tpg-content-class\"><a href=\"https:\/\/observator.org.al\/sq\/raport-2-aspektet-ligjore-sociale-dhe-praktiken-gjyqesore-te-martesave-nen-moshe-ne-shkoder-kukes-tropoje-lezhe-puke-fier-dhe-kavaje-per-periudhen-2011-2017-2\/\"><\/p>\n<div class=\"tpg-thumbnail-class\"><\/div>\n<p><\/a> &#8230; <a href=\"https:\/\/observator.org.al\/sq\/raport-2-aspektet-ligjore-sociale-dhe-praktiken-gjyqesore-te-martesave-nen-moshe-ne-shkoder-kukes-tropoje-lezhe-puke-fier-dhe-kavaje-per-periudhen-2011-2017-2\/\" class=\"more-link\">Lexoni m\u00eb shum\u00eb<\/a><\/div>\n<div class=\"tpg-metadata-class\"><span>Komentet <span class=\"screen-reader-text\"> te Raport 2 \u201cAspektet ligjore, sociale dhe praktik\u00ebn gjyq\u00ebsore t\u00eb martesave n\u00ebn mosh\u00eb n\u00eb Shkod\u00ebr, Kuk\u00ebs, Tropoj\u00eb, Lezh\u00eb, Puk\u00eb, Fier dhe Kavaj\u00eb p\u00ebr periudh\u00ebn 2011 \u2013 2017\u201d:<\/span> Jan\u00eb t\u00eb Mbyllura<\/span>&nbsp;&nbsp;|&nbsp;&nbsp;Filed under: <a href=\"https:\/\/observator.org.al\/sq\/category\/fieri\/\" title=\"View all posts in Fier\">Fier<\/a>, <a href=\"https:\/\/observator.org.al\/sq\/category\/kukesi\/\" title=\"View all posts in Kuk\u00ebs\">Kuk\u00ebs<\/a>, <a href=\"https:\/\/observator.org.al\/sq\/category\/lezha\/\" title=\"View all posts in Lezh\u00eb\">Lezh\u00eb<\/a>, <a href=\"https:\/\/observator.org.al\/sq\/category\/shkodra\/\" title=\"View all posts in Shkod\u00ebr\">Shkod\u00ebr<\/a>, <a href=\"https:\/\/observator.org.al\/sq\/category\/tepergjithshme\/\" title=\"View all posts in Te pergjithshme\">Te pergjithshme<\/a>, <a href=\"https:\/\/observator.org.al\/sq\/category\/tirana\/\" title=\"View all posts in Tiran\u00eb\">Tiran\u00eb<\/a>&nbsp;&nbsp;|&nbsp;&nbsp;<b>Tags:<\/b> No Tag<\/div><\/div><div class=\"tpg-get-posts-post\" ><div class=\"tpg-title-class\"><h2><a href=\"https:\/\/observator.org.al\/sq\/fact-sheet-nga-anketimi-me-te-rinjte-e-roskovecit\/\" >Fact Sheet nga anketimi me t\u00eb rinjt\u00eb e Roskovecit<\/a><\/h2><\/div><div  class=\"tpg-byline-class\">By Observatori i te drejtave te femijeve  on 19 Janar, 2018<\/div><div class=\"tpg-content-class\"><a href=\"https:\/\/observator.org.al\/sq\/fact-sheet-nga-anketimi-me-te-rinjte-e-roskovecit\/\"><\/p>\n<div class=\"tpg-thumbnail-class\"><\/div>\n<p><\/a> &#8230; <a href=\"https:\/\/observator.org.al\/sq\/fact-sheet-nga-anketimi-me-te-rinjte-e-roskovecit\/\" class=\"more-link\">Lexoni m\u00eb shum\u00eb<\/a><\/div>\n<div class=\"tpg-metadata-class\"><span>Komentet <span class=\"screen-reader-text\"> te Fact Sheet nga anketimi me t\u00eb rinjt\u00eb e Roskovecit<\/span> Jan\u00eb t\u00eb Mbyllura<\/span>&nbsp;&nbsp;|&nbsp;&nbsp;Filed under: <a href=\"https:\/\/observator.org.al\/sq\/category\/fieri\/\" title=\"View all posts in Fier\">Fier<\/a>, <a href=\"https:\/\/observator.org.al\/sq\/category\/tepergjithshme\/\" title=\"View all posts in Te pergjithshme\">Te pergjithshme<\/a>&nbsp;&nbsp;|&nbsp;&nbsp;<b>Tags:<\/b> No Tag<\/div><\/div><div class=\"tpg-get-posts-post\" ><div class=\"tpg-title-class\"><h2><a href=\"https:\/\/observator.org.al\/sq\/dokument-i-politikave-vendore-per-femijerine-e-hershme-cdo-femije-rom-ne-ciklin-parashkollor-bashkia-roskovec\/\" >Dokument i politikave vendore p\u00ebr f\u00ebmij\u00ebrin\u00eb e hershme \u201c\u00c7do f\u00ebmij\u00eb rom n\u00eb ciklin parashkollor\u201d, Bashkia Roskovec<\/a><\/h2><\/div><div  class=\"tpg-byline-class\">By Observatori i te drejtave te femijeve  on 19 Korrik, 2017<\/div><div class=\"tpg-content-class\"><a href=\"https:\/\/observator.org.al\/sq\/dokument-i-politikave-vendore-per-femijerine-e-hershme-cdo-femije-rom-ne-ciklin-parashkollor-bashkia-roskovec\/\"><\/p>\n<div class=\"tpg-thumbnail-class\"><\/div>\n<p><\/a> &#8230; <a href=\"https:\/\/observator.org.al\/sq\/dokument-i-politikave-vendore-per-femijerine-e-hershme-cdo-femije-rom-ne-ciklin-parashkollor-bashkia-roskovec\/\" class=\"more-link\">Lexoni m\u00eb shum\u00eb<\/a><\/div>\n<div class=\"tpg-metadata-class\"><span>Komentet <span class=\"screen-reader-text\"> te Dokument i politikave vendore p\u00ebr f\u00ebmij\u00ebrin\u00eb e hershme \u201c\u00c7do f\u00ebmij\u00eb rom n\u00eb ciklin parashkollor\u201d, Bashkia Roskovec<\/span> Jan\u00eb t\u00eb Mbyllura<\/span>&nbsp;&nbsp;|&nbsp;&nbsp;Filed under: <a href=\"https:\/\/observator.org.al\/sq\/category\/fieri\/\" title=\"View all posts in Fier\">Fier<\/a>, <a href=\"https:\/\/observator.org.al\/sq\/category\/tepergjithshme\/\" title=\"View all posts in Te pergjithshme\">Te pergjithshme<\/a>&nbsp;&nbsp;|&nbsp;&nbsp;<b>Tags:<\/b> No Tag<\/div><\/div><\/div><!-- #tpg-get-posts -->\n<\/div><\/section><br \/>\n<div  style='padding-bottom:10px; ' class='av-special-heading av-special-heading-h3    avia-builder-el-2  el_after_av_textblock  el_before_av_textblock  '><h3 class='av-special-heading-tag '  itemprop=\"headline\"  >Flet\u00ebpalosje p\u00ebr qytetin e Fierit<\/h3><div class='special-heading-border'><div class='special-heading-inner-border' ><\/div><\/div><\/div><br \/>\n<section class=\"av_textblock_section \"  itemscope=\"itemscope\" itemtype=\"https:\/\/schema.org\/CreativeWork\" ><div class='avia_textblock  '   itemprop=\"text\" ><p>[book id=&#8217;7&#8242; \/]<\/p>\n<\/div><\/section><\/p><\/div>\n","protected":false},"excerpt":{"rendered":"","protected":false},"author":2,"featured_media":0,"parent":2554,"menu_order":0,"comment_status":"closed","ping_status":"closed","template":"","meta":{"_mc_calendar":[],"footnotes":""},"class_list":["post-2523","page","type-page","status-publish","hentry"],"_links":{"self":[{"href":"https:\/\/observator.org.al\/sq\/wp-json\/wp\/v2\/pages\/2523","targetHints":{"allow":["GET"]}}],"collection":[{"href":"https:\/\/observator.org.al\/sq\/wp-json\/wp\/v2\/pages"}],"about":[{"href":"https:\/\/observator.org.al\/sq\/wp-json\/wp\/v2\/types\/page"}],"author":[{"embeddable":true,"href":"https:\/\/observator.org.al\/sq\/wp-json\/wp\/v2\/users\/2"}],"replies":[{"embeddable":true,"href":"https:\/\/observator.org.al\/sq\/wp-json\/wp\/v2\/comments?post=2523"}],"version-history":[{"count":5,"href":"https:\/\/observator.org.al\/sq\/wp-json\/wp\/v2\/pages\/2523\/revisions"}],"predecessor-version":[{"id":4411,"href":"https:\/\/observator.org.al\/sq\/wp-json\/wp\/v2\/pages\/2523\/revisions\/4411"}],"up":[{"embeddable":true,"href":"https:\/\/observator.org.al\/sq\/wp-json\/wp\/v2\/pages\/2554"}],"wp:attachment":[{"href":"https:\/\/observator.org.al\/sq\/wp-json\/wp\/v2\/media?parent=2523"}],"curies":[{"name":"wp","href":"https:\/\/api.w.org\/{rel}","templated":true}]}}

<div class="flex_column av_one_full  flex_column_div first  avia-builder-el-0  avia-builder-el-no-sibling  " ><p><section class="av_textblock_section "  itemscope="itemscope" itemtype="https://schema.org/CreativeWork" ><div class='avia_textblock  '   itemprop="text" ><div class="tpg-get-posts" ><div class="tpg-get-posts-post" ><div class="tpg-title-class"><h2><a href="https://observator.org.al/sq/analiza-e-buxhetimit-per-rinine-nga-bashkia-fier/" >Analiza e buxhetimit për rininë nga Bashkia Fier</a></h2></div><div  class="tpg-byline-class">By Observatori i te drejtave te femijeve  on 19 Nëntor, 2018</div><div class="tpg-content-class"><a href="https://observator.org.al/sq/analiza-e-buxhetimit-per-rinine-nga-bashkia-fier/"></p>
<div class="tpg-thumbnail-class"></div>
<p></a> &#8230; <a href="https://observator.org.al/sq/analiza-e-buxhetimit-per-rinine-nga-bashkia-fier/" class="more-link">Lexoni më shumë</a></div>
<div class="tpg-metadata-class"><span>Komentet <span class="screen-reader-text"> te Analiza e buxhetimit për rininë nga Bashkia Fier</span> Janë të Mbyllura</span>&nbsp;&nbsp;|&nbsp;&nbsp;Filed under: <a href="https://observator.org.al/sq/category/fieri/" title="View all posts in Fier">Fier</a>, <a href="https://observator.org.al/sq/category/tepergjithshme/" title="View all posts in Te pergjithshme">Te pergjithshme</a>&nbsp;&nbsp;|&nbsp;&nbsp;<b>Tags:</b> No Tag</div></div><div class="tpg-get-posts-post" ><div class="tpg-title-class"><h2><a href="https://observator.org.al/sq/fact-sheet-nga-anketimi-me-te-rinjte-e-fierit/" >Fact Sheet nga anketimi me të rinjtë e Fierit</a></h2></div><div  class="tpg-byline-class">By Observatori i te drejtave te femijeve  on 19 Gusht, 2018</div><div class="tpg-content-class"><a href="https://observator.org.al/sq/fact-sheet-nga-anketimi-me-te-rinjte-e-fierit/"></p>
<div class="tpg-thumbnail-class"></div>
<p></a> &#8230; <a href="https://observator.org.al/sq/fact-sheet-nga-anketimi-me-te-rinjte-e-fierit/" class="more-link">Lexoni më shumë</a></div>
<div class="tpg-metadata-class"><span>Komentet <span class="screen-reader-text"> te Fact Sheet nga anketimi me të rinjtë e Fierit</span> Janë të Mbyllura</span>&nbsp;&nbsp;|&nbsp;&nbsp;Filed under: <a href="https://observator.org.al/sq/category/fieri/" title="View all posts in Fier">Fier</a>, <a href="https://observator.org.al/sq/category/tepergjithshme/" title="View all posts in Te pergjithshme">Te pergjithshme</a>&nbsp;&nbsp;|&nbsp;&nbsp;<b>Tags:</b> No Tag</div></div><div class="tpg-get-posts-post" ><div class="tpg-title-class"><h2><a href="https://observator.org.al/sq/raport-2-aspektet-ligjore-sociale-dhe-praktiken-gjyqesore-te-martesave-nen-moshe-ne-shkoder-kukes-tropoje-lezhe-puke-fier-dhe-kavaje-per-periudhen-2011-2017-2/" >Raport 2 “Aspektet ligjore, sociale dhe praktikën gjyqësore të martesave nën moshë në Shkodër, Kukës, Tropojë, Lezhë, Pukë, Fier dhe Kavajë për periudhën 2011 – 2017”:</a></h2></div><div  class="tpg-byline-class">By Observatori i te drejtave te femijeve  on 19 Korrik, 2018</div><div class="tpg-content-class"><a href="https://observator.org.al/sq/raport-2-aspektet-ligjore-sociale-dhe-praktiken-gjyqesore-te-martesave-nen-moshe-ne-shkoder-kukes-tropoje-lezhe-puke-fier-dhe-kavaje-per-periudhen-2011-2017-2/"></p>
<div class="tpg-thumbnail-class"></div>
<p></a> &#8230; <a href="https://observator.org.al/sq/raport-2-aspektet-ligjore-sociale-dhe-praktiken-gjyqesore-te-martesave-nen-moshe-ne-shkoder-kukes-tropoje-lezhe-puke-fier-dhe-kavaje-per-periudhen-2011-2017-2/" class="more-link">Lexoni më shumë</a></div>
<div class="tpg-metadata-class"><span>Komentet <span class="screen-reader-text"> te Raport 2 “Aspektet ligjore, sociale dhe praktikën gjyqësore të martesave nën moshë në Shkodër, Kukës, Tropojë, Lezhë, Pukë, Fier dhe Kavajë për periudhën 2011 – 2017”:</span> Janë të Mbyllura</span>&nbsp;&nbsp;|&nbsp;&nbsp;Filed under: <a href="https://observator.org.al/sq/category/fieri/" title="View all posts in Fier">Fier</a>, <a href="https://observator.org.al/sq/category/kukesi/" title="View all posts in Kukës">Kukës</a>, <a href="https://observator.org.al/sq/category/lezha/" title="View all posts in Lezhë">Lezhë</a>, <a href="https://observator.org.al/sq/category/shkodra/" title="View all posts in Shkodër">Shkodër</a>, <a href="https://observator.org.al/sq/category/tepergjithshme/" title="View all posts in Te pergjithshme">Te pergjithshme</a>, <a href="https://observator.org.al/sq/category/tirana/" title="View all posts in Tiranë">Tiranë</a>&nbsp;&nbsp;|&nbsp;&nbsp;<b>Tags:</b> No Tag</div></div><div class="tpg-get-posts-post" ><div class="tpg-title-class"><h2><a href="https://observator.org.al/sq/fact-sheet-nga-anketimi-me-te-rinjte-e-roskovecit/" >Fact Sheet nga anketimi me të rinjtë e Roskovecit</a></h2></div><div  class="tpg-byline-class">By Observatori i te drejtave te femijeve  on 19 Janar, 2018</div><div class="tpg-content-class"><a href="https://observator.org.al/sq/fact-sheet-nga-anketimi-me-te-rinjte-e-roskovecit/"></p>
<div class="tpg-thumbnail-class"></div>
<p></a> &#8230; <a href="https://observator.org.al/sq/fact-sheet-nga-anketimi-me-te-rinjte-e-roskovecit/" class="more-link">Lexoni më shumë</a></div>
<div class="tpg-metadata-class"><span>Komentet <span class="screen-reader-text"> te Fact Sheet nga anketimi me të rinjtë e Roskovecit</span> Janë të Mbyllura</span>&nbsp;&nbsp;|&nbsp;&nbsp;Filed under: <a href="https://observator.org.al/sq/category/fieri/" title="View all posts in Fier">Fier</a>, <a href="https://observator.org.al/sq/category/tepergjithshme/" title="View all posts in Te pergjithshme">Te pergjithshme</a>&nbsp;&nbsp;|&nbsp;&nbsp;<b>Tags:</b> No Tag</div></div><div class="tpg-get-posts-post" ><div class="tpg-title-class"><h2><a href="https://observator.org.al/sq/dokument-i-politikave-vendore-per-femijerine-e-hershme-cdo-femije-rom-ne-ciklin-parashkollor-bashkia-roskovec/" >Dokument i politikave vendore për fëmijërinë e hershme “Çdo fëmijë rom në ciklin parashkollor”, Bashkia Roskovec</a></h2></div><div  class="tpg-byline-class">By Observatori i te drejtave te femijeve  on 19 Korrik, 2017</div><div class="tpg-content-class"><a href="https://observator.org.al/sq/dokument-i-politikave-vendore-per-femijerine-e-hershme-cdo-femije-rom-ne-ciklin-parashkollor-bashkia-roskovec/"></p>
<div class="tpg-thumbnail-class"></div>
<p></a> &#8230; <a href="https://observator.org.al/sq/dokument-i-politikave-vendore-per-femijerine-e-hershme-cdo-femije-rom-ne-ciklin-parashkollor-bashkia-roskovec/" class="more-link">Lexoni më shumë</a></div>
<div class="tpg-metadata-class"><span>Komentet <span class="screen-reader-text"> te Dokument i politikave vendore për fëmijërinë e hershme “Çdo fëmijë rom në ciklin parashkollor”, Bashkia Roskovec</span> Janë të Mbyllura</span>&nbsp;&nbsp;|&nbsp;&nbsp;Filed under: <a href="https://observator.org.al/sq/category/fieri/" title="View all posts in Fier">Fier</a>, <a href="https://observator.org.al/sq/category/tepergjithshme/" title="View all posts in Te pergjithshme">Te pergjithshme</a>&nbsp;&nbsp;|&nbsp;&nbsp;<b>Tags:</b> No Tag</div></div></div><!-- #tpg-get-posts -->
</div></section><br />
<div  style='padding-bottom:10px; ' class='av-special-heading av-special-heading-h3    avia-builder-el-2  el_after_av_textblock  el_before_av_textblock  '><h3 class='av-special-heading-tag '  itemprop="headline"  >Fletëpalosje për qytetin e Fierit</h3><div class='special-heading-border'><div class='special-heading-inner-border' ></div></div></div><br />
<section class="av_textblock_section "  itemscope="itemscope" itemtype="https://schema.org/CreativeWork" ><div class='avia_textblock  '   itemprop="text" ><p>[book id=&#8217;7&#8242; /]</p>
</div></section></p></div>
